{"version":"1.0","provider_name":"Kaustinen Folk Music Festival","provider_url":"https:\/\/kaustinen.net\/sv","author_name":"admin","author_url":"https:\/\/kaustinen.net\/sv\/author\/jimmy\/","title":"Silja Heikkil\u00e4 valittu Pro Kaustisen toiminnanjohtajaksi - Kaustinen Folk Music Festival","type":"rich","width":600,"height":338,"html":"<blockquote class=\"wp-embedded-content\" data-secret=\"T4TphyULdz\"><a href=\"https:\/\/kaustinen.net\/sv\/silja-heikkila-valittu-pro-kaustisen-toiminnanjohtajaksi\/\">Silja Heikkil\u00e4 vald till verkst\u00e4llande direkt\u00f6r f\u00f6r Pro Kaustinen<\/a><\/blockquote><iframe sandbox=\"allow-scripts\" security=\"restricted\" src=\"https:\/\/kaustinen.net\/sv\/silja-heikkila-valittu-pro-kaustisen-toiminnanjohtajaksi\/embed\/#?secret=T4TphyULdz\" width=\"600\" height=\"338\" title=\"\u201dSilja Heikkil\u00e4 valittu Pro Kaustisen toiminnanjohtajaksi\u201d &ndash; Kaustinen Folk Music Festival\" data-secret=\"T4TphyULdz\" frameborder=\"0\" marginwidth=\"0\" marginheight=\"0\" scrolling=\"no\" class=\"wp-embedded-content\"><\/iframe><script type=\"text\/javascript\">\n\/* <![CDATA[ *\/\n\/*! This file is auto-generated *\/\n!function(d,l){\"use strict\";l.querySelector&&d.addEventListener&&\"undefined\"!=typeof URL&&(d.wp=d.wp||{},d.wp.receiveEmbedMessage||(d.wp.receiveEmbedMessage=function(e){var t=e.data;if((t||t.secret||t.message||t.value)&&!\/[^a-zA-Z0-9]\/.test(t.secret)){for(var s,r,n,a=l.querySelectorAll('iframe[data-secret=\"'+t.secret+'\"]'),o=l.querySelectorAll('blockquote[data-secret=\"'+t.secret+'\"]'),c=new RegExp(\"^https?:$\",\"i\"),i=0;i<o.length;i++)o[i].style.display=\"none\";for(i=0;i<a.length;i++)s=a[i],e.source===s.contentWindow&&(s.removeAttribute(\"style\"),\"height\"===t.message?(1e3<(r=parseInt(t.value,10))?r=1e3:~~r<200&&(r=200),s.height=r):\"link\"===t.message&&(r=new URL(s.getAttribute(\"src\")),n=new URL(t.value),c.test(n.protocol))&&n.host===r.host&&l.activeElement===s&&(d.top.location.href=t.value))}},d.addEventListener(\"message\",d.wp.receiveEmbedMessage,!1),l.addEventListener(\"DOMContentLoaded\",function(){for(var e,t,s=l.querySelectorAll(\"iframe.wp-embedded-content\"),r=0;r<s.length;r++)(t=(e=s[r]).getAttribute(\"data-secret\"))||(t=Math.random().toString(36).substring(2,12),e.src+=\"#?secret=\"+t,e.setAttribute(\"data-secret\",t)),e.contentWindow.postMessage({message:\"ready\",secret:t},\"*\")},!1)))}(window,document);\n\/\/# sourceURL=https:\/\/kaustinen.net\/wp-includes\/js\/wp-embed.min.js\n\/* ]]> *\/\n<\/script>","description":"Pro Kaustinen ry:n toiminnanjohtajaksi on valittu kulttuurituottaja, FM Silja Heikkil\u00e4. Heikkil\u00e4 on aiemmin ty\u00f6skennellyt muun muassa Rauman Pitsiviikon ja Satasoitto-festivaalin tuottajana sek\u00e4 Satakunnan Nuorisoseurojen Liiton toiminnanjohtajana. H\u00e4n on kulttuurituottajatutkinnon lis\u00e4ksi opiskellut Turun yliopistossa kulttuuriperinn\u00f6n maisteriohjelmassa ja tehnyt aiheesta v\u00e4it\u00f6skirjaa. T\u00e4ll\u00e4 hetkell\u00e4 h\u00e4n asuu Rovaniemell\u00e4, mutta on muuttamassa Kaustiselle t\u00f6iden alkaessa. Alun perin Silja Heikkil\u00e4 ajatteli [&hellip;]","thumbnail_url":"http:\/\/kaustinen.net\/wp-content\/uploads\/2018\/05\/SiljaHeikkil\u00e4.jpg"}

Silja Heikkilä valittu Pro Kaustisen toiminnanjohtajaksi - Kaustinen Folk Music Festival

<blockquote class="wp-embedded-content" data-secret="T4TphyULdz"><a href="https://kaustinen.net/sv/silja-heikkila-valittu-pro-kaustisen-toiminnanjohtajaksi/">Silja Heikkilä vald till verkställande direktör för Pro Kaustinen</a></blockquote><iframe sandbox="allow-scripts" security="restricted" src="https://kaustinen.net/sv/silja-heikkila-valittu-pro-kaustisen-toiminnanjohtajaksi/embed/#?secret=T4TphyULdz" width="600" height="338" title="”Silja Heikkilä valittu Pro Kaustisen toiminnanjohtajaksi” &ndash; Kaustinen Folk Music Festival" data-secret="T4TphyULdz" frameborder="0" marginwidth="0" marginheight="0" scrolling="no" class="wp-embedded-content"></iframe><script type="text/javascript">
/* <![CDATA[ */
/*! This file is auto-generated */
!function(d,l){"use strict";l.querySelector&&d.addEventListener&&"undefined"!=typeof URL&&(d.wp=d.wp||{},d.wp.receiveEmbedMessage||(d.wp.receiveEmbedMessage=function(e){var t=e.data;if((t||t.secret||t.message||t.value)&&!/[^a-zA-Z0-9]/.test(t.secret)){for(var s,r,n,a=l.querySelectorAll('iframe[data-secret="'+t.secret+'"]'),o=l.querySelectorAll('blockquote[data-secret="'+t.secret+'"]'),c=new RegExp("^https?:$","i"),i=0;i<o.length;i++)o[i].style.display="none";for(i=0;i<a.length;i++)s=a[i],e.source===s.contentWindow&&(s.removeAttribute("style"),"height"===t.message?(1e3<(r=parseInt(t.value,10))?r=1e3:~~r<200&&(r=200),s.height=r):"link"===t.message&&(r=new URL(s.getAttribute("src")),n=new URL(t.value),c.test(n.protocol))&&n.host===r.host&&l.activeElement===s&&(d.top.location.href=t.value))}},d.addEventListener("message",d.wp.receiveEmbedMessage,!1),l.addEventListener("DOMContentLoaded",function(){for(var e,t,s=l.querySelectorAll("iframe.wp-embedded-content"),r=0;r<s.length;r++)(t=(e=s[r]).getAttribute("data-secret"))||(t=Math.random().toString(36).substring(2,12),e.src+="#?secret="+t,e.setAttribute("data-secret",t)),e.contentWindow.postMessage({message:"ready",secret:t},"*")},!1)))}(window,document);
//# sourceURL=https://kaustinen.net/wp-includes/js/wp-embed.min.js
/* ]]> */
</script>

Pro Kaustinen ry:n toiminnanjohtajaksi on valittu kulttuurituottaja, FM Silja Heikkilä. Heikkilä on aiemmin työskennellyt muun muassa Rauman Pitsiviikon ja Satasoitto-festivaalin tuottajana sekä Satakunnan Nuorisoseurojen Liiton toiminnanjohtajana. Hän on kulttuurituottajatutkinnon lisäksi opiskellut Turun yliopistossa kulttuuriperinnön maisteriohjelmassa ja tehnyt aiheesta väitöskirjaa. Tällä hetkellä hän asuu Rovaniemellä, mutta on muuttamassa Kaustiselle töiden alkaessa. Alun perin Silja Heikkilä ajatteli [&hellip;]

http://kaustinen.net/wp-content/uploads/2018/05/SiljaHeikkilä.jpg
