{"version":"1.0","provider_name":"Kaustinen Folk Music Festival","provider_url":"https:\/\/kaustinen.net\/sv","author_name":"admin","author_url":"https:\/\/kaustinen.net\/sv\/author\/jimmy\/","title":"Satoi tai paistoi, tunnelma pysyy - Kaustinen Folk Music Festival","type":"rich","width":600,"height":338,"html":"<blockquote class=\"wp-embedded-content\" data-secret=\"FlvyCRJfEt\"><a href=\"https:\/\/kaustinen.net\/sv\/satoi-tai-paistoi-tunnelma-pysyy\/\">Satoi tai paistoi, tunnelma pysyy<\/a><\/blockquote><iframe sandbox=\"allow-scripts\" security=\"restricted\" src=\"https:\/\/kaustinen.net\/sv\/satoi-tai-paistoi-tunnelma-pysyy\/embed\/#?secret=FlvyCRJfEt\" width=\"600\" height=\"338\" title=\"\u201dSatoi tai paistoi, tunnelma pysyy\u201d &ndash; Kaustinen Folk Music Festival\" data-secret=\"FlvyCRJfEt\" frameborder=\"0\" marginwidth=\"0\" marginheight=\"0\" scrolling=\"no\" class=\"wp-embedded-content\"><\/iframe><script type=\"text\/javascript\">\n\/* <![CDATA[ *\/\n\/*! This file is auto-generated *\/\n!function(d,l){\"use strict\";l.querySelector&&d.addEventListener&&\"undefined\"!=typeof URL&&(d.wp=d.wp||{},d.wp.receiveEmbedMessage||(d.wp.receiveEmbedMessage=function(e){var t=e.data;if((t||t.secret||t.message||t.value)&&!\/[^a-zA-Z0-9]\/.test(t.secret)){for(var s,r,n,a=l.querySelectorAll('iframe[data-secret=\"'+t.secret+'\"]'),o=l.querySelectorAll('blockquote[data-secret=\"'+t.secret+'\"]'),c=new RegExp(\"^https?:$\",\"i\"),i=0;i<o.length;i++)o[i].style.display=\"none\";for(i=0;i<a.length;i++)s=a[i],e.source===s.contentWindow&&(s.removeAttribute(\"style\"),\"height\"===t.message?(1e3<(r=parseInt(t.value,10))?r=1e3:~~r<200&&(r=200),s.height=r):\"link\"===t.message&&(r=new URL(s.getAttribute(\"src\")),n=new URL(t.value),c.test(n.protocol))&&n.host===r.host&&l.activeElement===s&&(d.top.location.href=t.value))}},d.addEventListener(\"message\",d.wp.receiveEmbedMessage,!1),l.addEventListener(\"DOMContentLoaded\",function(){for(var e,t,s=l.querySelectorAll(\"iframe.wp-embedded-content\"),r=0;r<s.length;r++)(t=(e=s[r]).getAttribute(\"data-secret\"))||(t=Math.random().toString(36).substring(2,12),e.src+=\"#?secret=\"+t,e.setAttribute(\"data-secret\",t)),e.contentWindow.postMessage({message:\"ready\",secret:t},\"*\")},!1)))}(window,document);\n\/\/# sourceURL=https:\/\/kaustinen.net\/wp-includes\/js\/wp-embed.min.js\n\/* ]]> *\/\n<\/script>","description":"Kes\u00e4ll\u00e4 2006 Marita Raita teki lomanviettoa koskevan ratkaisun, jolla oli vaikutusta h\u00e4nen kes\u00e4suunnitelmiinsa aina t\u00e4h\u00e4n p\u00e4iv\u00e4\u00e4n asti: h\u00e4n l\u00e4hti Kaustiselle kansanmusiikkijuhlille. Raidan ensimm\u00e4isill\u00e4 festivaaleilla aurinko paistoi koko ajan. H\u00e4n muistaa istuneensa festivaaliareenaa ymp\u00e4r\u00f6iv\u00e4n rinteen nurmikolla nauttien niin auringosta kuin musiikista. Siit\u00e4 l\u00e4htien Kaustinen on kuulunut jokaiseen kes\u00e4\u00e4n. Raidan sai liikkeelle h\u00e4nen tytt\u00e4rens\u00e4, joka oli k\u00e4ynyt [&hellip;]","thumbnail_url":"http:\/\/kaustinen.net\/wp-content\/uploads\/2017\/07\/IMG_2151-1000x882.jpg"}

Kesällä 2006 Marita Raita teki lomanviettoa koskevan ratkaisun, jolla oli vaikutusta hänen kesäsuunnitelmiinsa aina tähän päivään asti: hän lähti Kaustiselle kansanmusiikkijuhlille. Raidan ensimmäisillä festivaaleilla aurinko paistoi koko ajan. Hän muistaa istuneensa festivaaliareenaa ympäröivän rinteen nurmikolla nauttien niin auringosta kuin musiikista. Siitä lähtien Kaustinen on kuulunut jokaiseen kesään. Raidan sai liikkeelle hänen tyttärensä, joka oli käynyt [&hellip;]
