{"version":"1.0","provider_name":"Kaustinen Folk Music Festival","provider_url":"https:\/\/kaustinen.net\/sv","author_name":"Marita Salonen","author_url":"https:\/\/kaustinen.net\/sv\/author\/marita-salonenkaustinen-net\/","title":"Syd\u00e4n aina Kaustisella - Kaustinen Folk Music Festival","type":"rich","width":600,"height":338,"html":"<blockquote class=\"wp-embedded-content\" data-secret=\"70KgqK4wiP\"><a href=\"https:\/\/kaustinen.net\/sv\/project\/sydan-aina-kaustisella\/\">Syd\u00e4n aina Kaustisella<\/a><\/blockquote><iframe sandbox=\"allow-scripts\" security=\"restricted\" src=\"https:\/\/kaustinen.net\/sv\/project\/sydan-aina-kaustisella\/embed\/#?secret=70KgqK4wiP\" width=\"600\" height=\"338\" title=\"\u201dSyd\u00e4n aina Kaustisella\u201d &ndash; Kaustinen Folk Music Festival\" data-secret=\"70KgqK4wiP\" frameborder=\"0\" marginwidth=\"0\" marginheight=\"0\" scrolling=\"no\" class=\"wp-embedded-content\"><\/iframe><script type=\"text\/javascript\">\n\/* <![CDATA[ *\/\n\/*! This file is auto-generated *\/\n!function(d,l){\"use strict\";l.querySelector&&d.addEventListener&&\"undefined\"!=typeof URL&&(d.wp=d.wp||{},d.wp.receiveEmbedMessage||(d.wp.receiveEmbedMessage=function(e){var t=e.data;if((t||t.secret||t.message||t.value)&&!\/[^a-zA-Z0-9]\/.test(t.secret)){for(var s,r,n,a=l.querySelectorAll('iframe[data-secret=\"'+t.secret+'\"]'),o=l.querySelectorAll('blockquote[data-secret=\"'+t.secret+'\"]'),c=new RegExp(\"^https?:$\",\"i\"),i=0;i<o.length;i++)o[i].style.display=\"none\";for(i=0;i<a.length;i++)s=a[i],e.source===s.contentWindow&&(s.removeAttribute(\"style\"),\"height\"===t.message?(1e3<(r=parseInt(t.value,10))?r=1e3:~~r<200&&(r=200),s.height=r):\"link\"===t.message&&(r=new URL(s.getAttribute(\"src\")),n=new URL(t.value),c.test(n.protocol))&&n.host===r.host&&l.activeElement===s&&(d.top.location.href=t.value))}},d.addEventListener(\"message\",d.wp.receiveEmbedMessage,!1),l.addEventListener(\"DOMContentLoaded\",function(){for(var e,t,s=l.querySelectorAll(\"iframe.wp-embedded-content\"),r=0;r<s.length;r++)(t=(e=s[r]).getAttribute(\"data-secret\"))||(t=Math.random().toString(36).substring(2,12),e.src+=\"#?secret=\"+t,e.setAttribute(\"data-secret\",t)),e.contentWindow.postMessage({message:\"ready\",secret:t},\"*\")},!1)))}(window,document);\n\/\/# sourceURL=https:\/\/kaustinen.net\/wp-includes\/js\/wp-embed.min.js\n\/* ]]> *\/\n<\/script>","thumbnail_url":"https:\/\/kaustinen.net\/wp-content\/uploads\/2021\/04\/veera-valo-hanna-sisko-lapsineen_kaustinenfmf.jpg","thumbnail_width":1600,"thumbnail_height":1200,"description":"Sveitsiss\u00e4 asuva Veera Valo (oik.) festivaalitunnelmissa Hanna-siskonsa sek\u00e4 heid\u00e4n lapsiensa kanssa hein\u00e4kuussa 2019. Kaustisella lapsuuteni ja nuoruuteni viett\u00e4neen\u00e4 Kaustisen festivaalit ovat kuuluneet kes\u00e4ni kohokohtiin jo vuosikymmenten ajan. Vaikka olen asunut vuosia ulkomailla, festivaalien merkitys ei ole vuosien saatossa yht\u00e4\u00e4n v\u00e4hentynyt. Sinne miss\u00e4 juuret ovat, on aina ihana palata ja kokea se kaikki uudelleen. Ylpeys omasta [&hellip;]"}

Sydän aina Kaustisella - Kaustinen Folk Music Festival

<blockquote class="wp-embedded-content" data-secret="70KgqK4wiP"><a href="https://kaustinen.net/sv/project/sydan-aina-kaustisella/">Sydän aina Kaustisella</a></blockquote><iframe sandbox="allow-scripts" security="restricted" src="https://kaustinen.net/sv/project/sydan-aina-kaustisella/embed/#?secret=70KgqK4wiP" width="600" height="338" title="”Sydän aina Kaustisella” &ndash; Kaustinen Folk Music Festival" data-secret="70KgqK4wiP" frameborder="0" marginwidth="0" marginheight="0" scrolling="no" class="wp-embedded-content"></iframe><script type="text/javascript">
/* <![CDATA[ */
/*! This file is auto-generated */
!function(d,l){"use strict";l.querySelector&&d.addEventListener&&"undefined"!=typeof URL&&(d.wp=d.wp||{},d.wp.receiveEmbedMessage||(d.wp.receiveEmbedMessage=function(e){var t=e.data;if((t||t.secret||t.message||t.value)&&!/[^a-zA-Z0-9]/.test(t.secret)){for(var s,r,n,a=l.querySelectorAll('iframe[data-secret="'+t.secret+'"]'),o=l.querySelectorAll('blockquote[data-secret="'+t.secret+'"]'),c=new RegExp("^https?:$","i"),i=0;i<o.length;i++)o[i].style.display="none";for(i=0;i<a.length;i++)s=a[i],e.source===s.contentWindow&&(s.removeAttribute("style"),"height"===t.message?(1e3<(r=parseInt(t.value,10))?r=1e3:~~r<200&&(r=200),s.height=r):"link"===t.message&&(r=new URL(s.getAttribute("src")),n=new URL(t.value),c.test(n.protocol))&&n.host===r.host&&l.activeElement===s&&(d.top.location.href=t.value))}},d.addEventListener("message",d.wp.receiveEmbedMessage,!1),l.addEventListener("DOMContentLoaded",function(){for(var e,t,s=l.querySelectorAll("iframe.wp-embedded-content"),r=0;r<s.length;r++)(t=(e=s[r]).getAttribute("data-secret"))||(t=Math.random().toString(36).substring(2,12),e.src+="#?secret="+t,e.setAttribute("data-secret",t)),e.contentWindow.postMessage({message:"ready",secret:t},"*")},!1)))}(window,document);
//# sourceURL=https://kaustinen.net/wp-includes/js/wp-embed.min.js
/* ]]> */
</script>

Sveitsissä asuva Veera Valo (oik.) festivaalitunnelmissa Hanna-siskonsa sekä heidän lapsiensa kanssa heinäkuussa 2019. Kaustisella lapsuuteni ja nuoruuteni viettäneenä Kaustisen festivaalit ovat kuuluneet kesäni kohokohtiin jo vuosikymmenten ajan. Vaikka olen asunut vuosia ulkomailla, festivaalien merkitys ei ole vuosien saatossa yhtään vähentynyt. Sinne missä juuret ovat, on aina ihana palata ja kokea se kaikki uudelleen. Ylpeys omasta [&hellip;]
