{"version":"1.0","provider_name":"Kaustinen Folk Music Festival","provider_url":"https:\/\/kaustinen.net\/sv","author_name":"Anne-Mari Hakam\u00e4ki","author_url":"https:\/\/kaustinen.net\/sv\/author\/anne-mari\/","title":"European Folk Network -konferenssi tuo kansanmusiikin asiantuntijat Kaustiselle - Kaustinen Folk Music Festival","type":"rich","width":600,"height":338,"html":"<blockquote class=\"wp-embedded-content\" data-secret=\"GeBcXaf9ji\"><a href=\"https:\/\/kaustinen.net\/sv\/european-folk-network-konferenssi-tuo-kansanmusiikin-asiantuntijat-kaustiselle\/\">European Folk Network-konferens f\u00f6r folkmusikexperter till Kaustby<\/a><\/blockquote><iframe sandbox=\"allow-scripts\" security=\"restricted\" src=\"https:\/\/kaustinen.net\/sv\/european-folk-network-konferenssi-tuo-kansanmusiikin-asiantuntijat-kaustiselle\/embed\/#?secret=GeBcXaf9ji\" width=\"600\" height=\"338\" title=\"\u201dEuropean Folk Network -konferenssi tuo kansanmusiikin asiantuntijat Kaustiselle\u201d &ndash; Kaustinen Folk Music Festival\" data-secret=\"GeBcXaf9ji\" frameborder=\"0\" marginwidth=\"0\" marginheight=\"0\" scrolling=\"no\" class=\"wp-embedded-content\"><\/iframe><script type=\"text\/javascript\">\n\/* <![CDATA[ *\/\n\/*! This file is auto-generated *\/\n!function(d,l){\"use strict\";l.querySelector&&d.addEventListener&&\"undefined\"!=typeof URL&&(d.wp=d.wp||{},d.wp.receiveEmbedMessage||(d.wp.receiveEmbedMessage=function(e){var t=e.data;if((t||t.secret||t.message||t.value)&&!\/[^a-zA-Z0-9]\/.test(t.secret)){for(var s,r,n,a=l.querySelectorAll('iframe[data-secret=\"'+t.secret+'\"]'),o=l.querySelectorAll('blockquote[data-secret=\"'+t.secret+'\"]'),c=new RegExp(\"^https?:$\",\"i\"),i=0;i<o.length;i++)o[i].style.display=\"none\";for(i=0;i<a.length;i++)s=a[i],e.source===s.contentWindow&&(s.removeAttribute(\"style\"),\"height\"===t.message?(1e3<(r=parseInt(t.value,10))?r=1e3:~~r<200&&(r=200),s.height=r):\"link\"===t.message&&(r=new URL(s.getAttribute(\"src\")),n=new URL(t.value),c.test(n.protocol))&&n.host===r.host&&l.activeElement===s&&(d.top.location.href=t.value))}},d.addEventListener(\"message\",d.wp.receiveEmbedMessage,!1),l.addEventListener(\"DOMContentLoaded\",function(){for(var e,t,s=l.querySelectorAll(\"iframe.wp-embedded-content\"),r=0;r<s.length;r++)(t=(e=s[r]).getAttribute(\"data-secret\"))||(t=Math.random().toString(36).substring(2,12),e.src+=\"#?secret=\"+t,e.setAttribute(\"data-secret\",t)),e.contentWindow.postMessage({message:\"ready\",secret:t},\"*\")},!1)))}(window,document);\n\/\/# sourceURL=https:\/\/kaustinen.net\/wp-includes\/js\/wp-embed.min.js\n\/* ]]> *\/\n<\/script>","thumbnail_url":"https:\/\/kaustinen.net\/wp-content\/uploads\/2024\/08\/Ottoset-Kaustinen-2024-Kuva-Krista-Jarvela.jpg","thumbnail_width":1024,"thumbnail_height":684,"description":"[et_pb_section fb_built=&#8221;1&#8243; _builder_version=&#8221;4.6.6&#8243; _module_preset=&#8221;default&#8221;][et_pb_row _builder_version=&#8221;4.6.6&#8243; _module_preset=&#8221;default&#8221;][et_pb_column type=&#8221;4_4&#8243; _builder_version=&#8221;4.6.6&#8243; _module_preset=&#8221;default&#8221;][et_pb_text _builder_version=&#8221;4.6.6&#8243; _module_preset=&#8221;default&#8221; hover_enabled=&#8221;0&#8243; sticky_enabled=&#8221;0&#8243;] European Folk Network verkoston konferenssiin Kaustisella 24.\u201325.9. odotetaan kymmeni\u00e4 kansanmusiikin ja kansantanssin promoottoreita, organisaattoreita ja muita toimijoita merkitt\u00e4vimmist\u00e4 eurooppalaisista alan organisaatioista. Konferenssi on j\u00e4rjestyksess\u00e4 viides ja ensimm\u00e4inen Pohjoismaissa. Kaksip\u00e4iv\u00e4isen konferenssin l\u00e4pik\u00e4yv\u00e4n\u00e4 teemana on aineettoman kulttuuriperinn\u00f6n turvaaminen. Konferenssin esitelmiss\u00e4, ty\u00f6pajoissa ja paneelikeskusteluissa aihetta [&hellip;]"}

Anne-Mari Hakamäki

<blockquote class="wp-embedded-content" data-secret="GeBcXaf9ji"><a href="https://kaustinen.net/sv/european-folk-network-konferenssi-tuo-kansanmusiikin-asiantuntijat-kaustiselle/">European Folk Network-konferens för folkmusikexperter till Kaustby</a></blockquote><iframe sandbox="allow-scripts" security="restricted" src="https://kaustinen.net/sv/european-folk-network-konferenssi-tuo-kansanmusiikin-asiantuntijat-kaustiselle/embed/#?secret=GeBcXaf9ji" width="600" height="338" title="”European Folk Network -konferenssi tuo kansanmusiikin asiantuntijat Kaustiselle” &ndash; Kaustinen Folk Music Festival" data-secret="GeBcXaf9ji" frameborder="0" marginwidth="0" marginheight="0" scrolling="no" class="wp-embedded-content"></iframe><script type="text/javascript">
/* <![CDATA[ */
/*! This file is auto-generated */
!function(d,l){"use strict";l.querySelector&&d.addEventListener&&"undefined"!=typeof URL&&(d.wp=d.wp||{},d.wp.receiveEmbedMessage||(d.wp.receiveEmbedMessage=function(e){var t=e.data;if((t||t.secret||t.message||t.value)&&!/[^a-zA-Z0-9]/.test(t.secret)){for(var s,r,n,a=l.querySelectorAll('iframe[data-secret="'+t.secret+'"]'),o=l.querySelectorAll('blockquote[data-secret="'+t.secret+'"]'),c=new RegExp("^https?:$","i"),i=0;i<o.length;i++)o[i].style.display="none";for(i=0;i<a.length;i++)s=a[i],e.source===s.contentWindow&&(s.removeAttribute("style"),"height"===t.message?(1e3<(r=parseInt(t.value,10))?r=1e3:~~r<200&&(r=200),s.height=r):"link"===t.message&&(r=new URL(s.getAttribute("src")),n=new URL(t.value),c.test(n.protocol))&&n.host===r.host&&l.activeElement===s&&(d.top.location.href=t.value))}},d.addEventListener("message",d.wp.receiveEmbedMessage,!1),l.addEventListener("DOMContentLoaded",function(){for(var e,t,s=l.querySelectorAll("iframe.wp-embedded-content"),r=0;r<s.length;r++)(t=(e=s[r]).getAttribute("data-secret"))||(t=Math.random().toString(36).substring(2,12),e.src+="#?secret="+t,e.setAttribute("data-secret",t)),e.contentWindow.postMessage({message:"ready",secret:t},"*")},!1)))}(window,document);
//# sourceURL=https://kaustinen.net/wp-includes/js/wp-embed.min.js
/* ]]> */
</script>

[et_pb_section fb_built=&#8221;1&#8243; _builder_version=&#8221;4.6.6&#8243; _module_preset=&#8221;default&#8221;][et_pb_row _builder_version=&#8221;4.6.6&#8243; _module_preset=&#8221;default&#8221;][et_pb_column type=&#8221;4_4&#8243; _builder_version=&#8221;4.6.6&#8243; _module_preset=&#8221;default&#8221;][et_pb_text _builder_version=&#8221;4.6.6&#8243; _module_preset=&#8221;default&#8221; hover_enabled=&#8221;0&#8243; sticky_enabled=&#8221;0&#8243;] European Folk Network verkoston konferenssiin Kaustisella 24.–25.9. odotetaan kymmeniä kansanmusiikin ja kansantanssin promoottoreita, organisaattoreita ja muita toimijoita merkittävimmistä eurooppalaisista alan organisaatioista. Konferenssi on järjestyksessä viides ja ensimmäinen Pohjoismaissa. Kaksipäiväisen konferenssin läpikäyvänä teemana on aineettoman kulttuuriperinnön turvaaminen. Konferenssin esitelmissä, työpajoissa ja paneelikeskusteluissa aihetta [&hellip;]
