{"version":"1.0","provider_name":"Kaustinen Folk Music Festival","provider_url":"https:\/\/kaustinen.net\/en","author_name":"Marita Salonen","author_url":"https:\/\/kaustinen.net\/en\/author\/marita-salonenkaustinen-net\/","title":"Kaksirivinen \u2013 muistuma 1990-luvulta - Kaustinen Folk Music Festival","type":"rich","width":600,"height":338,"html":"<blockquote class=\"wp-embedded-content\" data-secret=\"ixkmkXwFEX\"><a href=\"https:\/\/kaustinen.net\/en\/project\/kaksirivinen-muistuma-1990-luvulta\/\">Two-row - a memory from the 1990s<\/a><\/blockquote><iframe sandbox=\"allow-scripts\" security=\"restricted\" src=\"https:\/\/kaustinen.net\/en\/project\/kaksirivinen-muistuma-1990-luvulta\/embed\/#?secret=ixkmkXwFEX\" width=\"600\" height=\"338\" title=\"&#8220;Kaksirivinen \u2013 muistuma 1990-luvulta&#8221; &#8212; Kaustinen Folk Music Festival\" data-secret=\"ixkmkXwFEX\" frameborder=\"0\" marginwidth=\"0\" marginheight=\"0\" scrolling=\"no\" class=\"wp-embedded-content\"><\/iframe><script type=\"text\/javascript\">\n\/* <![CDATA[ *\/\n\/*! This file is auto-generated *\/\n!function(d,l){\"use strict\";l.querySelector&&d.addEventListener&&\"undefined\"!=typeof URL&&(d.wp=d.wp||{},d.wp.receiveEmbedMessage||(d.wp.receiveEmbedMessage=function(e){var t=e.data;if((t||t.secret||t.message||t.value)&&!\/[^a-zA-Z0-9]\/.test(t.secret)){for(var s,r,n,a=l.querySelectorAll('iframe[data-secret=\"'+t.secret+'\"]'),o=l.querySelectorAll('blockquote[data-secret=\"'+t.secret+'\"]'),c=new RegExp(\"^https?:$\",\"i\"),i=0;i<o.length;i++)o[i].style.display=\"none\";for(i=0;i<a.length;i++)s=a[i],e.source===s.contentWindow&&(s.removeAttribute(\"style\"),\"height\"===t.message?(1e3<(r=parseInt(t.value,10))?r=1e3:~~r<200&&(r=200),s.height=r):\"link\"===t.message&&(r=new URL(s.getAttribute(\"src\")),n=new URL(t.value),c.test(n.protocol))&&n.host===r.host&&l.activeElement===s&&(d.top.location.href=t.value))}},d.addEventListener(\"message\",d.wp.receiveEmbedMessage,!1),l.addEventListener(\"DOMContentLoaded\",function(){for(var e,t,s=l.querySelectorAll(\"iframe.wp-embedded-content\"),r=0;r<s.length;r++)(t=(e=s[r]).getAttribute(\"data-secret\"))||(t=Math.random().toString(36).substring(2,12),e.src+=\"#?secret=\"+t,e.setAttribute(\"data-secret\",t)),e.contentWindow.postMessage({message:\"ready\",secret:t},\"*\")},!1)))}(window,document);\n\/\/# sourceURL=https:\/\/kaustinen.net\/wp-includes\/js\/wp-embed.min.js\n\/* ]]> *\/\n<\/script>","thumbnail_url":"https:\/\/kaustinen.net\/wp-content\/uploads\/2021\/06\/kaksirivinen_by-ira-korkala_kaustinenfmf.jpg","thumbnail_width":1600,"thumbnail_height":1137,"description":"90-luvulle sijoittuvan tositarinan p\u00e4\u00e4henkil\u00f6: kaksirivinen harmonikka. Kuvan yksil\u00f6 ei liity tapaukseen. (Kuva: Ira Korkala) Aamuy\u00f6ll\u00e4 festivaalialue oli hiljentynyt ja majapaikan pihamaalta viimeisetkin juhlijat hiippailleet y\u00f6puilleen kuka minnekin, vintille, aittoihin, telttoihin. Meit\u00e4 istuskeli aitan seinustalla viel\u00e4 kolme hilpe\u00e4\u00e4 naista. Joku meist\u00e4 ehdotti, ett\u00e4 l\u00e4hdet\u00e4\u00e4n Penttil\u00e4n sillalle auringonnousua katsomaan. Siin\u00e4 sitten k\u00e4veltiin tien leveydelt\u00e4 Kappelinkankaan suuntaan, risteyksest\u00e4 [&hellip;]"}

90-luvulle sijoittuvan tositarinan päähenkilö: kaksirivinen harmonikka. Kuvan yksilö ei liity tapaukseen. (Kuva: Ira Korkala) Aamuyöllä festivaalialue oli hiljentynyt ja majapaikan pihamaalta viimeisetkin juhlijat hiippailleet yöpuilleen kuka minnekin, vintille, aittoihin, telttoihin. Meitä istuskeli aitan seinustalla vielä kolme hilpeää naista. Joku meistä ehdotti, että lähdetään Penttilän sillalle auringonnousua katsomaan. Siinä sitten käveltiin tien leveydeltä Kappelinkankaan suuntaan, risteyksestä [&hellip;]
