{"version":"1.0","provider_name":"Kaustinen Folk Music Festival","provider_url":"https:\/\/kaustinen.net\/en","author_name":"Marita Salonen","author_url":"https:\/\/kaustinen.net\/en\/author\/marita-salonenkaustinen-net\/","title":"Kaustisen henki on ja pysyy - Kaustinen Folk Music Festival","type":"rich","width":600,"height":338,"html":"<blockquote class=\"wp-embedded-content\" data-secret=\"lUMziYXe3a\"><a href=\"https:\/\/kaustinen.net\/en\/project\/kaustisen-henki-on-ja-pysyy\/\">The spirit of Kaustinen is and will remain<\/a><\/blockquote><iframe sandbox=\"allow-scripts\" security=\"restricted\" src=\"https:\/\/kaustinen.net\/en\/project\/kaustisen-henki-on-ja-pysyy\/embed\/#?secret=lUMziYXe3a\" width=\"600\" height=\"338\" title=\"&#8220;Kaustisen henki on ja pysyy&#8221; &#8212; Kaustinen Folk Music Festival\" data-secret=\"lUMziYXe3a\" frameborder=\"0\" marginwidth=\"0\" marginheight=\"0\" scrolling=\"no\" class=\"wp-embedded-content\"><\/iframe><script type=\"text\/javascript\">\n\/* <![CDATA[ *\/\n\/*! This file is auto-generated *\/\n!function(d,l){\"use strict\";l.querySelector&&d.addEventListener&&\"undefined\"!=typeof URL&&(d.wp=d.wp||{},d.wp.receiveEmbedMessage||(d.wp.receiveEmbedMessage=function(e){var t=e.data;if((t||t.secret||t.message||t.value)&&!\/[^a-zA-Z0-9]\/.test(t.secret)){for(var s,r,n,a=l.querySelectorAll('iframe[data-secret=\"'+t.secret+'\"]'),o=l.querySelectorAll('blockquote[data-secret=\"'+t.secret+'\"]'),c=new RegExp(\"^https?:$\",\"i\"),i=0;i<o.length;i++)o[i].style.display=\"none\";for(i=0;i<a.length;i++)s=a[i],e.source===s.contentWindow&&(s.removeAttribute(\"style\"),\"height\"===t.message?(1e3<(r=parseInt(t.value,10))?r=1e3:~~r<200&&(r=200),s.height=r):\"link\"===t.message&&(r=new URL(s.getAttribute(\"src\")),n=new URL(t.value),c.test(n.protocol))&&n.host===r.host&&l.activeElement===s&&(d.top.location.href=t.value))}},d.addEventListener(\"message\",d.wp.receiveEmbedMessage,!1),l.addEventListener(\"DOMContentLoaded\",function(){for(var e,t,s=l.querySelectorAll(\"iframe.wp-embedded-content\"),r=0;r<s.length;r++)(t=(e=s[r]).getAttribute(\"data-secret\"))||(t=Math.random().toString(36).substring(2,12),e.src+=\"#?secret=\"+t,e.setAttribute(\"data-secret\",t)),e.contentWindow.postMessage({message:\"ready\",secret:t},\"*\")},!1)))}(window,document);\n\/\/# sourceURL=https:\/\/kaustinen.net\/wp-includes\/js\/wp-embed.min.js\n\/* ]]> *\/\n<\/script>","thumbnail_url":"https:\/\/kaustinen.net\/wp-content\/uploads\/2020\/04\/talla-koru_kaustinenfmf.jpg","thumbnail_width":640,"thumbnail_height":480,"description":"Yll\u00e4tt\u00e4v\u00e4t asiat saattavat saada el\u00e4m\u00e4\u00e4 suuremmat mittasuhteet, varsinkin poikkeusolosuhteissa ja koska ne ovat rakkaita, t\u00e4rkeit\u00e4 ja kuuluvat olennaisena osana maailmankuvaasi ja ihan arkip\u00e4iv\u00e4iseen el\u00e4m\u00e4\u00e4si niin kokonaisvaltaisesti, vaikuttaen niin monella tasolla. Valmistuitpa tulevaan ja todenn\u00e4k\u00f6iseen miten pitk\u00e4\u00e4n ja miten hyvin tahansa, asian konkretisoituminen on oma hetkens\u00e4. Ja se tuntuu. Ai niin, puhun nyt festivaalista. Tarkemmin sanottuna [&hellip;]"}

Yllättävät asiat saattavat saada elämää suuremmat mittasuhteet, varsinkin poikkeusolosuhteissa ja koska ne ovat rakkaita, tärkeitä ja kuuluvat olennaisena osana maailmankuvaasi ja ihan arkipäiväiseen elämääsi niin kokonaisvaltaisesti, vaikuttaen niin monella tasolla. Valmistuitpa tulevaan ja todennäköiseen miten pitkään ja miten hyvin tahansa, asian konkretisoituminen on oma hetkensä. Ja se tuntuu. Ai niin, puhun nyt festivaalista. Tarkemmin sanottuna [&hellip;]
