{"version":"1.0","provider_name":"Kaustinen Folk Music Festival","provider_url":"https:\/\/kaustinen.net\/en","author_name":"Marita Salonen","author_url":"https:\/\/kaustinen.net\/en\/author\/marita-salonenkaustinen-net\/","title":"Kansanmusiikin ammattikentt\u00e4 analyysiss\u00e4 - Kaustinen Folk Music Festival","type":"rich","width":600,"height":338,"html":"<blockquote class=\"wp-embedded-content\" data-secret=\"RAJqmc3jmx\"><a href=\"https:\/\/kaustinen.net\/en\/project\/kansanmusiikin-ammattikentta-analyysissa\/\">Kansanmusiikin ammattikentt\u00e4 analyysiss\u00e4<\/a><\/blockquote><iframe sandbox=\"allow-scripts\" security=\"restricted\" src=\"https:\/\/kaustinen.net\/en\/project\/kansanmusiikin-ammattikentta-analyysissa\/embed\/#?secret=RAJqmc3jmx\" width=\"600\" height=\"338\" title=\"&#8220;Kansanmusiikin ammattikentt\u00e4 analyysiss\u00e4&#8221; &#8212; Kaustinen Folk Music Festival\" data-secret=\"RAJqmc3jmx\" frameborder=\"0\" marginwidth=\"0\" marginheight=\"0\" scrolling=\"no\" class=\"wp-embedded-content\"><\/iframe><script type=\"text\/javascript\">\n\/* <![CDATA[ *\/\n\/*! This file is auto-generated *\/\n!function(d,l){\"use strict\";l.querySelector&&d.addEventListener&&\"undefined\"!=typeof URL&&(d.wp=d.wp||{},d.wp.receiveEmbedMessage||(d.wp.receiveEmbedMessage=function(e){var t=e.data;if((t||t.secret||t.message||t.value)&&!\/[^a-zA-Z0-9]\/.test(t.secret)){for(var s,r,n,a=l.querySelectorAll('iframe[data-secret=\"'+t.secret+'\"]'),o=l.querySelectorAll('blockquote[data-secret=\"'+t.secret+'\"]'),c=new RegExp(\"^https?:$\",\"i\"),i=0;i<o.length;i++)o[i].style.display=\"none\";for(i=0;i<a.length;i++)s=a[i],e.source===s.contentWindow&&(s.removeAttribute(\"style\"),\"height\"===t.message?(1e3<(r=parseInt(t.value,10))?r=1e3:~~r<200&&(r=200),s.height=r):\"link\"===t.message&&(r=new URL(s.getAttribute(\"src\")),n=new URL(t.value),c.test(n.protocol))&&n.host===r.host&&l.activeElement===s&&(d.top.location.href=t.value))}},d.addEventListener(\"message\",d.wp.receiveEmbedMessage,!1),l.addEventListener(\"DOMContentLoaded\",function(){for(var e,t,s=l.querySelectorAll(\"iframe.wp-embedded-content\"),r=0;r<s.length;r++)(t=(e=s[r]).getAttribute(\"data-secret\"))||(t=Math.random().toString(36).substring(2,12),e.src+=\"#?secret=\"+t,e.setAttribute(\"data-secret\",t)),e.contentWindow.postMessage({message:\"ready\",secret:t},\"*\")},!1)))}(window,document);\n\/\/# sourceURL=https:\/\/kaustinen.net\/wp-includes\/js\/wp-embed.min.js\n\/* ]]> *\/\n<\/script>","thumbnail_url":"https:\/\/kaustinen.net\/wp-content\/uploads\/2021\/02\/hannu-saha_ilkka-heinonen_kuva-lauri-oino_kaustinenfmf.jpg","thumbnail_width":640,"thumbnail_height":427,"description":"Musiikin Edist\u00e4miss\u00e4\u00e4ti\u00f6n toimitusjohtaja Hannu Saha ja muusikko Ilkka Heinonen. Kuva: Lauri Oino. P\u00e4iv\u00e4n vieras -sarja Haastattelu julkaistu 17.7.2020 osana VirtuaaliKaustisen ohjelmaa Perjantaina VirtuaaliKaustisen vieraina olivat muusikko Ilkka Heinonen ja Musiikin Edist\u00e4miss\u00e4\u00e4ti\u00f6n toimitusjohtaja Hannu Saha, muusikko niin ik\u00e4\u00e4n. He keskustelivat koronasta, virtuaalisuudesta ja tietenkin kansanmusiikista erityisesti kansanmusiikin ammattikent\u00e4n n\u00e4k\u00f6kulmasta. Haastattelua edelt\u00e4v\u00e4n\u00e4 p\u00e4iv\u00e4n\u00e4 VirtuaaliKaustisen iltaohjelmana striimattiin konsertti [&hellip;]"}

Kansanmusiikin ammattikenttä analyysissä - Kaustinen Folk Music Festival

<blockquote class="wp-embedded-content" data-secret="RAJqmc3jmx"><a href="https://kaustinen.net/en/project/kansanmusiikin-ammattikentta-analyysissa/">Kansanmusiikin ammattikenttä analyysissä</a></blockquote><iframe sandbox="allow-scripts" security="restricted" src="https://kaustinen.net/en/project/kansanmusiikin-ammattikentta-analyysissa/embed/#?secret=RAJqmc3jmx" width="600" height="338" title="&#8220;Kansanmusiikin ammattikenttä analyysissä&#8221; &#8212; Kaustinen Folk Music Festival" data-secret="RAJqmc3jmx" frameborder="0" marginwidth="0" marginheight="0" scrolling="no" class="wp-embedded-content"></iframe><script type="text/javascript">
/* <![CDATA[ */
/*! This file is auto-generated */
!function(d,l){"use strict";l.querySelector&&d.addEventListener&&"undefined"!=typeof URL&&(d.wp=d.wp||{},d.wp.receiveEmbedMessage||(d.wp.receiveEmbedMessage=function(e){var t=e.data;if((t||t.secret||t.message||t.value)&&!/[^a-zA-Z0-9]/.test(t.secret)){for(var s,r,n,a=l.querySelectorAll('iframe[data-secret="'+t.secret+'"]'),o=l.querySelectorAll('blockquote[data-secret="'+t.secret+'"]'),c=new RegExp("^https?:$","i"),i=0;i<o.length;i++)o[i].style.display="none";for(i=0;i<a.length;i++)s=a[i],e.source===s.contentWindow&&(s.removeAttribute("style"),"height"===t.message?(1e3<(r=parseInt(t.value,10))?r=1e3:~~r<200&&(r=200),s.height=r):"link"===t.message&&(r=new URL(s.getAttribute("src")),n=new URL(t.value),c.test(n.protocol))&&n.host===r.host&&l.activeElement===s&&(d.top.location.href=t.value))}},d.addEventListener("message",d.wp.receiveEmbedMessage,!1),l.addEventListener("DOMContentLoaded",function(){for(var e,t,s=l.querySelectorAll("iframe.wp-embedded-content"),r=0;r<s.length;r++)(t=(e=s[r]).getAttribute("data-secret"))||(t=Math.random().toString(36).substring(2,12),e.src+="#?secret="+t,e.setAttribute("data-secret",t)),e.contentWindow.postMessage({message:"ready",secret:t},"*")},!1)))}(window,document);
//# sourceURL=https://kaustinen.net/wp-includes/js/wp-embed.min.js
/* ]]> */
</script>

Musiikin Edistämissäätiön toimitusjohtaja Hannu Saha ja muusikko Ilkka Heinonen. Kuva: Lauri Oino. Päivän vieras -sarja Haastattelu julkaistu 17.7.2020 osana VirtuaaliKaustisen ohjelmaa Perjantaina VirtuaaliKaustisen vieraina olivat muusikko Ilkka Heinonen ja Musiikin Edistämissäätiön toimitusjohtaja Hannu Saha, muusikko niin ikään. He keskustelivat koronasta, virtuaalisuudesta ja tietenkin kansanmusiikista erityisesti kansanmusiikin ammattikentän näkökulmasta. Haastattelua edeltävänä päivänä VirtuaaliKaustisen iltaohjelmana striimattiin konsertti [&hellip;]
