{"version":"1.0","provider_name":"Kaustinen Folk Music Festival","provider_url":"http:\/\/kaustinen.net\/en","author_name":"Valtteri Valo","author_url":"http:\/\/kaustinen.net\/en\/author\/valtteri\/","title":"Avoin haku! Markkinointi- ja myyntip\u00e4\u00e4llikk\u00f6 - Kaustinen Folk Music Festival","type":"rich","width":600,"height":338,"html":"<blockquote class=\"wp-embedded-content\" data-secret=\"UJxfghsiVP\"><a href=\"http:\/\/kaustinen.net\/en\/avoin-haku-markkinointi-ja-myyntipaallikko\/\">Open application! Marketing and Sales Manager<\/a><\/blockquote><iframe sandbox=\"allow-scripts\" security=\"restricted\" src=\"http:\/\/kaustinen.net\/en\/avoin-haku-markkinointi-ja-myyntipaallikko\/embed\/#?secret=UJxfghsiVP\" width=\"600\" height=\"338\" title=\"&#8220;Avoin haku! Markkinointi- ja myyntip\u00e4\u00e4llikk\u00f6&#8221; &#8212; Kaustinen Folk Music Festival\" data-secret=\"UJxfghsiVP\" frameborder=\"0\" marginwidth=\"0\" marginheight=\"0\" scrolling=\"no\" class=\"wp-embedded-content\"><\/iframe><script type=\"text\/javascript\">\n\/* <![CDATA[ *\/\n\/*! This file is auto-generated *\/\n!function(d,l){\"use strict\";l.querySelector&&d.addEventListener&&\"undefined\"!=typeof URL&&(d.wp=d.wp||{},d.wp.receiveEmbedMessage||(d.wp.receiveEmbedMessage=function(e){var t=e.data;if((t||t.secret||t.message||t.value)&&!\/[^a-zA-Z0-9]\/.test(t.secret)){for(var s,r,n,a=l.querySelectorAll('iframe[data-secret=\"'+t.secret+'\"]'),o=l.querySelectorAll('blockquote[data-secret=\"'+t.secret+'\"]'),c=new RegExp(\"^https?:$\",\"i\"),i=0;i<o.length;i++)o[i].style.display=\"none\";for(i=0;i<a.length;i++)s=a[i],e.source===s.contentWindow&&(s.removeAttribute(\"style\"),\"height\"===t.message?(1e3<(r=parseInt(t.value,10))?r=1e3:~~r<200&&(r=200),s.height=r):\"link\"===t.message&&(r=new URL(s.getAttribute(\"src\")),n=new URL(t.value),c.test(n.protocol))&&n.host===r.host&&l.activeElement===s&&(d.top.location.href=t.value))}},d.addEventListener(\"message\",d.wp.receiveEmbedMessage,!1),l.addEventListener(\"DOMContentLoaded\",function(){for(var e,t,s=l.querySelectorAll(\"iframe.wp-embedded-content\"),r=0;r<s.length;r++)(t=(e=s[r]).getAttribute(\"data-secret\"))||(t=Math.random().toString(36).substring(2,12),e.src+=\"#?secret=\"+t,e.setAttribute(\"data-secret\",t)),e.contentWindow.postMessage({message:\"ready\",secret:t},\"*\")},!1)))}(window,document);\n\/\/# sourceURL=http:\/\/kaustinen.net\/wp-includes\/js\/wp-embed.min.js\n\/* ]]> *\/\n<\/script>","thumbnail_url":"https:\/\/kaustinen.net\/wp-content\/uploads\/2025\/09\/Festivaalipuiston-tunnelmaa-2025-Krista-Jarvela.jpg","thumbnail_width":2048,"thumbnail_height":1367,"description":"[et_pb_section fb_built=&#8221;1&#8243; _builder_version=&#8221;4.6.6&#8243; _module_preset=&#8221;default&#8221;][et_pb_row _builder_version=&#8221;4.6.6&#8243; _module_preset=&#8221;default&#8221;][et_pb_column _builder_version=&#8221;4.6.6&#8243; _module_preset=&#8221;default&#8221; type=&#8221;4_4&#8243;][et_pb_text _builder_version=&#8221;4.6.6&#8243; _module_preset=&#8221;default&#8221; hover_enabled=&#8221;0&#8243; sticky_enabled=&#8221;0&#8243;] Liity mukaan tekem\u00e4\u00e4n Pohjoismaiden suurinta kansanmusiikkijuhlaa! Kaustisen kansanmusiikkijuhlat on Pohjoismaiden johtava kansanmusiikkifestivaali ja yksi Euroopan merkitt\u00e4vimmist\u00e4 alan tapahtumista. Vuosittain tuhannet k\u00e4vij\u00e4t, sadat esiintyj\u00e4ryhm\u00e4t ja l\u00e4mmin yhteis\u00f6llisyys tekev\u00e4t festivaalistamme el\u00e4myksen, jota tullaan kokemaan niin kotimaasta kuin ulkomailtakin. Nyt sinulla on mahdollisuus olla osa [&hellip;]"}

Avoin haku! Markkinointi- ja myyntipäällikkö - Kaustinen Folk Music Festival

<blockquote class="wp-embedded-content" data-secret="UJxfghsiVP"><a href="http://kaustinen.net/en/avoin-haku-markkinointi-ja-myyntipaallikko/">Open application! Marketing and Sales Manager</a></blockquote><iframe sandbox="allow-scripts" security="restricted" src="http://kaustinen.net/en/avoin-haku-markkinointi-ja-myyntipaallikko/embed/#?secret=UJxfghsiVP" width="600" height="338" title="&#8220;Avoin haku! Markkinointi- ja myyntipäällikkö&#8221; &#8212; Kaustinen Folk Music Festival" data-secret="UJxfghsiVP" frameborder="0" marginwidth="0" marginheight="0" scrolling="no" class="wp-embedded-content"></iframe><script type="text/javascript">
/* <![CDATA[ */
/*! This file is auto-generated */
!function(d,l){"use strict";l.querySelector&&d.addEventListener&&"undefined"!=typeof URL&&(d.wp=d.wp||{},d.wp.receiveEmbedMessage||(d.wp.receiveEmbedMessage=function(e){var t=e.data;if((t||t.secret||t.message||t.value)&&!/[^a-zA-Z0-9]/.test(t.secret)){for(var s,r,n,a=l.querySelectorAll('iframe[data-secret="'+t.secret+'"]'),o=l.querySelectorAll('blockquote[data-secret="'+t.secret+'"]'),c=new RegExp("^https?:$","i"),i=0;i<o.length;i++)o[i].style.display="none";for(i=0;i<a.length;i++)s=a[i],e.source===s.contentWindow&&(s.removeAttribute("style"),"height"===t.message?(1e3<(r=parseInt(t.value,10))?r=1e3:~~r<200&&(r=200),s.height=r):"link"===t.message&&(r=new URL(s.getAttribute("src")),n=new URL(t.value),c.test(n.protocol))&&n.host===r.host&&l.activeElement===s&&(d.top.location.href=t.value))}},d.addEventListener("message",d.wp.receiveEmbedMessage,!1),l.addEventListener("DOMContentLoaded",function(){for(var e,t,s=l.querySelectorAll("iframe.wp-embedded-content"),r=0;r<s.length;r++)(t=(e=s[r]).getAttribute("data-secret"))||(t=Math.random().toString(36).substring(2,12),e.src+="#?secret="+t,e.setAttribute("data-secret",t)),e.contentWindow.postMessage({message:"ready",secret:t},"*")},!1)))}(window,document);
//# sourceURL=http://kaustinen.net/wp-includes/js/wp-embed.min.js
/* ]]> */
</script>

[et_pb_section fb_built=&#8221;1&#8243; _builder_version=&#8221;4.6.6&#8243; _module_preset=&#8221;default&#8221;][et_pb_row _builder_version=&#8221;4.6.6&#8243; _module_preset=&#8221;default&#8221;][et_pb_column _builder_version=&#8221;4.6.6&#8243; _module_preset=&#8221;default&#8221; type=&#8221;4_4&#8243;][et_pb_text _builder_version=&#8221;4.6.6&#8243; _module_preset=&#8221;default&#8221; hover_enabled=&#8221;0&#8243; sticky_enabled=&#8221;0&#8243;] Liity mukaan tekemään Pohjoismaiden suurinta kansanmusiikkijuhlaa! Kaustisen kansanmusiikkijuhlat on Pohjoismaiden johtava kansanmusiikkifestivaali ja yksi Euroopan merkittävimmistä alan tapahtumista. Vuosittain tuhannet kävijät, sadat esiintyjäryhmät ja lämmin yhteisöllisyys tekevät festivaalistamme elämyksen, jota tullaan kokemaan niin kotimaasta kuin ulkomailtakin. Nyt sinulla on mahdollisuus olla osa [&hellip;]
